{"id":275,"date":"2012-04-29T19:28:41","date_gmt":"2012-04-29T19:28:41","guid":{"rendered":"http:\/\/www.robingates.de\/?page_id=275"},"modified":"2012-04-29T19:33:56","modified_gmt":"2012-04-29T19:33:56","slug":"aus-aktuellem-anlass","status":"publish","type":"page","link":"http:\/\/www.robingates.de\/?page_id=275","title":{"rendered":"Notizen"},"content":{"rendered":"<p align=\"center\"><strong><span style=\"text-decoration: underline;\">29. 04.12:<\/span><\/strong><\/p>\n<p align=\"center\"><strong><span style=\"text-decoration: underline;\"><br \/>\nAus aktuellem Anlass <\/span><\/strong><\/p>\n<p>Es war ja zu erwarten. Inzwischen gr\u00fc\u00dft mich die augenblicklich hochkochende Copyright \u2013 Diskussion in meinem eigenen Vorgarten. K\u00fcrzlich habe ich feststellen m\u00fcssen, dass jemand auf einem Forum im Internet meine vierb\u00e4ndige Runlandsaga komplett zum Herunterladen angeboten hatte. In allen g\u00e4ngigen Formaten.Innerhalb weniger Tage hatten sich bereits sechsundf\u00fcnfzig Leute bei dem netten Menschen f\u00fcrs Hochladen bedankt &#8211; diejenigen, die sich meine B\u00fccher einfach so heruntergeladen haben, ohne etwas dazu anzumerken, nicht gerechnet.<\/p>\n<p>Euch sechsundf\u00fcnfzig Leuten und allen anderen, die irgendwann ebenfalls auf die Idee kommen k\u00f6nnten, sich schnell und kostenlos meine Fantasyromanserie aus dem Netz zu ziehen, m\u00f6chte ich Folgendes sagen, falls ihr euch mal hierher verirrt:<\/p>\n<p>Ihr lest vielleicht meine B\u00fccher, aber ihr seid keine Fans von Runland. Im Gegenteil. Jeder von euch tr\u00e4gt seinen Teil dazu bei, dass es f\u00fcr mich schwieriger wird, neue B\u00fccher zu ver\u00f6ffentlichen. Wie die allermeisten anderen Autoren in diesem Land geh\u00f6re ich zu denjenigen, die im wahrsten Sinne des Wortes mit jedem Euro rechnen m\u00fcssen, um jeden Monat ihre Rechnungen zahlen zu k\u00f6nnen. Was ihr euch illegal verschafft, fehlt mir an Verkaufszahlen, die es f\u00fcr einen Verlag interessant machen, mich erneut zu ver\u00f6ffentlichen. Was ihr mir klaut, muss ich durch Nebenjobs wieder hereinholen und reduziert meine Zeit, die ich f\u00fcr das Schreiben neuer B\u00fccher verwenden k\u00f6nnte.<\/p>\n<p>Falls ihr jetzt denkt, der \u00fcbertreibt doch ma\u00dflos, mein Runterladen von vier B\u00fcchern seiner Saga f\u00e4llt doch nicht ins Gewicht, dann stellt euch mal die Frage: Wenn es tats\u00e4chlich nur um Peanuts geht, warum kauft ihr meine B\u00fccher dann nicht legal? Dann sind die noch nicht mal 5 Euro, die ihr f\u00fcr die e-book Version eines meiner B\u00fccher zahlt, bestimmt kein Verlust. Aber ihr w\u00fcrdet damit anerkennen, dass ich an jedem dieser vier B\u00fccher zwei Jahre gesessen habe. Beinahe jeden Tag. Es war alles andere als eine lustige Freizeitbesch\u00e4ftigung, sondern harte schwei\u00dftreibende Arbeit, diese Saga zu schaffen.<\/p>\n<p>Ich m\u00f6chte gern weitere B\u00fccher ver\u00f6ffentlichen. Ich m\u00f6chte von meiner Arbeit leben k\u00f6nnen wie jeder andere berufst\u00e4tige Mensch auch. Dazu geh\u00f6rt aber auch, dass meine Leser das wertsch\u00e4tzen, was ich ihnen biete, anstatt es sich einfach zu nehmen &#8211; damit ich euch noch eine ganze Weile in fremde Welten entf\u00fchren und unterhalten kann.<\/p>\n<p>In diesem Sinne, bitte: Pay the author!<\/p>\n<p>Euer Robin Gates<\/p>\n","protected":false},"excerpt":{"rendered":"<p>29. 04.12: Aus aktuellem Anlass Es war ja zu erwarten. Inzwischen gr\u00fc\u00dft mich die augenblicklich hochkochende Copyright \u2013 Diskussion in meinem eigenen Vorgarten. K\u00fcrzlich habe ich feststellen m\u00fcssen, dass jemand auf einem Forum im Internet meine vierb\u00e4ndige Runlandsaga komplett zum &hellip; <a href=\"http:\/\/www.robingates.de\/?page_id=275\">Continue reading <span class=\"meta-nav\">&rarr;<\/span><\/a><\/p>\n","protected":false},"author":1,"featured_media":0,"parent":0,"menu_order":0,"comment_status":"open","ping_status":"open","template":"","meta":[],"_links":{"self":[{"href":"http:\/\/www.robingates.de\/index.php?rest_route=\/wp\/v2\/pages\/275"}],"collection":[{"href":"http:\/\/www.robingates.de\/index.php?rest_route=\/wp\/v2\/pages"}],"about":[{"href":"http:\/\/www.robingates.de\/index.php?rest_route=\/wp\/v2\/types\/page"}],"author":[{"embeddable":true,"href":"http:\/\/www.robingates.de\/index.php?rest_route=\/wp\/v2\/users\/1"}],"replies":[{"embeddable":true,"href":"http:\/\/www.robingates.de\/index.php?rest_route=%2Fwp%2Fv2%2Fcomments&post=275"}],"version-history":[{"count":3,"href":"http:\/\/www.robingates.de\/index.php?rest_route=\/wp\/v2\/pages\/275\/revisions"}],"predecessor-version":[{"id":279,"href":"http:\/\/www.robingates.de\/index.php?rest_route=\/wp\/v2\/pages\/275\/revisions\/279"}],"wp:attachment":[{"href":"http:\/\/www.robingates.de\/index.php?rest_route=%2Fwp%2Fv2%2Fmedia&parent=275"}],"curies":[{"name":"wp","href":"https:\/\/api.w.org\/{rel}","templated":true}]}}